{"id":1323,"date":"2023-07-24T17:57:14","date_gmt":"2023-07-24T17:57:14","guid":{"rendered":"https:\/\/chiles.colorprokc.com\/?post_type=product&#038;p=1323"},"modified":"2023-07-24T18:43:59","modified_gmt":"2023-07-24T18:43:59","slug":"chiles-en-nogada","status":"publish","type":"product","link":"https:\/\/chiles.colorprokc.com\/index.php\/producto\/chiles-en-nogada\/","title":{"rendered":"Chiles en Nogada"},"content":{"rendered":"<p>Chile poblano con relleno de carne picada a mano de res y cerdo (200gr), nueces y frutos ba\u00f1ados en salsa de nuez de Castilla.<\/p>\n<p>&nbsp;<\/p>\n<p>Se cree que fueron\u00a0<strong>las madres Agustinas del Convento de Santa M\u00f3nica, en Puebla, quienes en 1821 crearon los Chiles en Nogada con motivo de celebraci\u00f3n de la Independencia de M\u00e9xico y homenaje a Agust\u00edn de Iturbide<\/strong>.<\/p>\n<p>Este platillo est\u00e1 lleno de historia y sabor, es preparado con chile poblano relleno generalmente con carne, picadillo y frutas cubierto con el\u00a0<strong>ingrediente principal, la crema de nuez de Castilla, perejil y granada que juntos simbolizan los tres colores de la bandera mexicana<\/strong>.<\/p>\n<p>Las madres aprovecharon los ingredientes de temporada para crear esta bella obra de arte, una composici\u00f3n que luego se convirti\u00f3 en uno de los platillos m\u00e1s representativos de M\u00e9xico.<\/p>\n","protected":false},"excerpt":{"rendered":"<p>Chile poblano con relleno de carne picada a mano de res y cerdo (200gr), nueces y frutos ba\u00f1ados en salsa de nuez de Castilla<\/p>\n","protected":false},"featured_media":1324,"comment_status":"open","ping_status":"closed","template":"","meta":{"site-sidebar-layout":"default","site-content-layout":"default","ast-global-header-display":"","ast-banner-title-visibility":"","ast-main-header-display":"","ast-hfb-above-header-display":"","ast-hfb-below-header-display":"","ast-hfb-mobile-header-display":"","site-post-title":"","ast-breadcrumbs-content":"","ast-featured-img":"","footer-sml-layout":"","theme-transparent-header-meta":"default","adv-header-id-meta":"","stick-header-meta":"","header-above-stick-meta":"","header-main-stick-meta":"","header-below-stick-meta":""},"product_cat":[19],"product_tag":[],"class_list":["post-1323","product","type-product","status-publish","has-post-thumbnail","hentry","product_cat-sin-categorizar","desktop-align-left","tablet-align-left","mobile-align-left"],"_links":{"self":[{"href":"https:\/\/chiles.colorprokc.com\/index.php\/wp-json\/wp\/v2\/product\/1323","targetHints":{"allow":["GET"]}}],"collection":[{"href":"https:\/\/chiles.colorprokc.com\/index.php\/wp-json\/wp\/v2\/product"}],"about":[{"href":"https:\/\/chiles.colorprokc.com\/index.php\/wp-json\/wp\/v2\/types\/product"}],"replies":[{"embeddable":true,"href":"https:\/\/chiles.colorprokc.com\/index.php\/wp-json\/wp\/v2\/comments?post=1323"}],"wp:featuredmedia":[{"embeddable":true,"href":"https:\/\/chiles.colorprokc.com\/index.php\/wp-json\/wp\/v2\/media\/1324"}],"wp:attachment":[{"href":"https:\/\/chiles.colorprokc.com\/index.php\/wp-json\/wp\/v2\/media?parent=1323"}],"wp:term":[{"taxonomy":"product_cat","embeddable":true,"href":"https:\/\/chiles.colorprokc.com\/index.php\/wp-json\/wp\/v2\/product_cat?post=1323"},{"taxonomy":"product_tag","embeddable":true,"href":"https:\/\/chiles.colorprokc.com\/index.php\/wp-json\/wp\/v2\/product_tag?post=1323"}],"curies":[{"name":"wp","href":"https:\/\/api.w.org\/{rel}","templated":true}]}}